 greatest common divisor of x and l.
5
Let h(b) = b**3 + 7*b**2 + 6*b + 3. Let y be 4/(-6) - (-50)/(-15). Let v be h(y). What is the highest common divisor of 9 and v?
9
Let y(g) = -7*g - 9. Let s(l) = -l - 1. Let i(j) = -10*s(j) + 2*y(j). Let t = 20 + -26. Let x be i(t). What is the greatest common factor of 80 and x?
16
Let h be (4/6)/((-5)/(-15)). Suppose h*q - 6 = 26. What is the highest common divisor of 8 and q?
8
Let k be 3/(-2) + (-21)/14 - -12. What is the greatest common factor of k and 9?
9
Let j(x) = 2*x**2 + 3*x + 1. Let u be j(-3). Let v = u + -4. Let p(k) = 16*k**2 - k. Let a be p(1). Calculate the highest common divisor of v and a.
3
Suppose -g + 6*g - 96 = 3*y, -3*g - 2*y + 50 = 0. What is the greatest common factor of 144 and g?
18
Let t(m) = -m**2 + 10*m + 12. Let z(b) = -2*b - 3. Let x be z(-6). Let s be t(x). Calculate the greatest common factor of 14 and s.
7
Let t be 4/(-10) + (-22)/(-5). Calculate the greatest common factor of t and 2.
2
Let c be 4/26 + 308/26. Calculate the highest common factor of 60 and c.
12
Suppose -6*y - 22 = 14. Let i(u) = 0*u**3 - 3*u**2 + 3*u - u**3 - 6 + 2*u. Let d be i(y). What is the greatest common divisor of d and 9?
9
Let w = 23 + -17. Suppose -w*v + 37 = -65. Calculate the highest common divisor of 17 and v.
17
Let x be 0 + -33 + (-3 - -3). Let t = x + 71. Suppose -g + t = -4*v, -28 = -5*g + 5*v + 132. Calculate the highest common divisor of 20 and g.
10
Suppose 0*o - 5 = -o. Let p = -15 - -12. Let q = o + p. Calculate the highest common factor of 20 and q.
2
Let a = 6 - 26. Let w = a - -12. Let k be (w/(-5))/(-4)*-50. Calculate the greatest common factor of 30 and k.
10
Suppose -61 = 3*u + 26. Let w be (4/5)/((-2)/(-155)). Let a = u + w. Calculate the greatest common divisor of 3 and a.
3
Let i(c) = -2*c + 0*c + 4*c + 10. Let g be i(7). Calculate the highest common divisor of 36 and g.
12
Let v(k) = -14*k - 1. Let c be v(-1). What is the greatest common divisor of 13 and c?
13
Let w = 37 + -18. Let x = w - 8. What is the highest common divisor of 77 and x?
11
Let m = -40 + 73. Let q = 77 - m. Let h(o) = o**3 - 2*o**2 + 2*o. Let f be h(2). Calculate the greatest common divisor of f and q.
4
Let v(j) = j**3 - 8*j**2 + 11*j - 7. Let q be v(7). Let d(o) = 6*o**2 + o - 1. Let r be d(-2). Calculate the greatest common divisor of r and q.
21
Let g(l) = l**2 + 4 - 3*l + 3*l**2 + l. Let c be g(4). Suppose u - c = -4*u. What is the greatest common factor of 48 and u?
12
Let t(l) = -l - 7. Let a be t(-9). Suppose b - 5 = -a. Calculate the highest common factor of b and 33.
3
Let k(q) = -32*q - 1. Let l(j) = -j**2 - 3*j - 2. Let p be l(-3). Let h be k(p). Calculate the greatest common divisor of 7 and h.
7
Let r = 3 - 6. Let b be (-1)/(-4) - 15/(-4). Let k = b + r. Calculate the highest common factor of 4 and k.
1
Let w(u) = 135*u**2 - 1. Let z be w(1). Suppose -2*n - s + 70 = 0, 3*n + 3*s + 23 = z. Calculate the greatest common divisor of 22 and n.
11
Let m = 531 + -275. Let q = m + -88. Suppose -3*a + 96 = 33. What is the greatest common divisor of q and a?
21
Let n = 19 - 5. Suppose 6*u - 11*u + 210 = 0. Let j be (u/9)/((-2)/(-3)). What is the greatest common divisor of n and j?
7
Let c = 134 - 62. Calculate the greatest common factor of 9 and c.
9
Let d = -28 + 36. Calculate the highest common divisor of d and 32.
8
Suppose 4*x - 51 = -3*r, -2*x - x + 3*r = -33. Calculate the highest common factor of 4 and x.
4
Let o be (-4 + -1)*(54/(-10))/3. Calculate the highest common divisor of 36 and o.
9
Suppose -9*k + 4*k - 5 = 0. Let q be 16 + 0 + k + 0. What is the greatest common divisor of q and 3?
3
Let s = -6 + 8. Let m be 16/(-6)*(-24)/32. Calculate the highest common factor of m and s.
2
Let f = -7 - -24. What is the highest common factor of 17 and f?
17
Let f = 8 + -6. Suppose -w - 6 - f = -l, 4 = -l - 2*w. Suppose y - 4 = 5*x - 19, 0 = -2*y - x + 25. Calculate the greatest common divisor of y and l.
2
Let x be 1/(-3) - (-98)/6. Let r(b) = 9*b + 5. Suppose 12 = -3*d, 2*p - 3*d = -0*p + 18. Let j be r(p). Calculate the greatest common divisor of x and j.
16
Let i = -2 + 6. Suppose 5*u - 7 = 3. Suppose -3*l + u*a + 16 = 0, 2*l - 18 = -2*l + a. Calculate the greatest common factor of i and l.
4
Let b(z) = z**3 - z**2 + 6. Let p be b(0). Let i be (-664)/(-22) + (-2)/11. What is the greatest common divisor of i and p?
6
Let i = 110 + -98. What is the highest common factor of 96 and i?
12
Suppose 0*m = -2*m + 8, -5*m = -4*q - 16. Let h be 1078/56 - q/4. What is the greatest common factor of h and 38?
19
Let t(s) be the first derivative of 4/3*s**3 - 2*s**2 + 1 - 3*s. Let l be t(4). Calculate the highest common factor of l and 9.
9
Suppose 3*u + 0*o - 5*o - 138 = 0, 5*u = 3*o + 246. Calculate the highest common divisor of 34 and u.
17
Let s be ((-21)/(-14))/(1/24). Let x be ((-312)/s)/((-1)/3). Calculate the greatest common factor of 65 and x.
13
Suppose -3*s - 4 = 3*u - 61, s = 5*u - 101. What is the greatest common divisor of 8 and u?
4
Suppose 0*k + 5*k - 10 = 0. Suppose -k*r = 10, -3*c - 2*r = 2*c - 5. Suppose c*h + 2*h = 45. Calculate the greatest common divisor of h and 27.
9
Let s be 3/(1 + 2) + 2. Suppose 4*f = -20, 2*f = k - s*f + 183. Let h be k/(-7) + (-6)/(-21). What is the greatest common factor of h and 12?
6
Suppose 7*b - 1291 = -213. What is the highest common divisor of b and 14?
14
Suppose x = -5*h - x + 57, -5*x = -4*h + 39. Let r(q) = -q + 3. Let f be r(2). Calculate the greatest common divisor of h and f.
1
Let b(k) = -k**3 - 12*k**2 + 8*k - 13. Let p be b(-13). What is the greatest common divisor of p and 78?
26
Suppose 4*r - 116 = -2*g - 3*g, -3*g = -r + 12. What is the greatest common divisor of r and 60?
12
Suppose 4*n = 6*n - 118. Suppose -3*y - 14 + n = 0. Calculate the highest common factor of y and 5.
5
Let y be (-2 - 2*-1) + 15. Suppose 5*h - 2*h - 6 = 0. Suppose 4*n = -5*d - 1 - 4, 4*d + 10 = -h*n. What is the greatest common factor of y and n?
5
Suppose -2*p = 2*p - 96. Suppose -3*g - p = -5*g. What is the greatest common divisor of 132 and g?
12
Let n(a) = -26*a**3 - a. Let b be n(-1). Let c = -5 - -9. Let g = 5 + c. Calculate the greatest common divisor of b and g.
9
Let j(l) = l**2 + 5*l. Let y be j(-6). Suppose -s + 1 + 4 = 4*k, -47 = 5*s + 2*k. Let u = 41 + s. What is the greatest common divisor of u and y?
6
Let x(k) = -k**2 - 17*k - 15. Let p be x(-16). Let i = 4 + 6. What is the greatest common factor of i and p?
1
Let r = 118 + 36. Suppose 4*i + 2*z - r = 0, 1 - 6 = 5*z. What is the highest common factor of i and 13?
13
Let z = -11 - -24. Let k = 21 - z. Suppose -3*o + 4*l - k = -0*l, -5*o + 3*l + 5 = 0. What is the highest common factor of o and 32?
4
Let a be 45/6*12/9. Let t = 23 - a. Calculate the greatest common factor of 13 and t.
13
Suppose 12 = -3*x, -x = 4*l - 5*x - 304. What is the highest common divisor of 18 and l?
18
Let d(t) = -t**3 - 8*t**2 - 8*t + 3. Let g be d(-6). Let s = -16 - g. What is the highest common divisor of s and 25?
5
Let q be (-194)/(-20)*2 - (-10)/(-25). Calculate the highest common factor of q and 19.
19
Let w(y) = -6*y - 1. Let x be w(-1). Let v(i) = i**2 - 2 + 11*i + x - 5*i. Let m be v(-7). Calculate the highest common factor of 30 and m.
10
Suppose -2*k + 31 = 29. Let d be -2*(1 + 3/(-2)). Calculate the highest common divisor of d and k.
1
Let j be 590/7 + (-2)/7. What is the highest common divisor of 28 and j?
28
Let m(z) = 2*z**2 - 7*z - 12. Let u(h) = 5*h**2 - 20*h - 35. Let r(p) = 8*m(p) - 3*u(p). Let t be r(-6). Calculate the highest common divisor of 3 and t.
3
Let d = -99 + 102. What is the highest common factor of 33 and d?
3
Let y = -2 - -343. What is the greatest common divisor of y and 31?
31
Let w = 739 + -404. Suppose k = -3*t + 78, 4*t = k - 6*k + w. Let q be (18/(-4))/(1/(-2)). What is the highest common divisor of q and k?
9
Let o(x) = 5*x**2 + 10*x - 10. Let g be o(-3). Calculate the greatest common factor of g and 125.
5
Let l = 3 - -2. What is the greatest common divisor of 45 and l?
5
Let s(r) = r**3 - 13*r**2 + 5*r - 15. Let h be s(13). Let u(m) = 2*m + 4. Let j be u(3). What is the greatest common divisor of j and h?
10
Suppose 15 = 5*z - 100. Calculate the greatest common factor of 23 and z.
23
Le